i(u) = -5*u + f + 2*u + 2*u. What is i(g)?
1
Let t(g) = g**2 + 1. Let b(v) = -7*v**2 + v - 6. Let w = -15 + 14. Let n(k) = w*b(k) - 6*t(k). What is n(-2)?
6
Let l(b) be the first derivative of -2 + 5/2*b**2 - 4*b. Determine l(3).
11
Let o(m) = m. Suppose 3 + 13 = -t + 5*d, -4*t + 28 = 3*d. Suppose 0 = t*c - 8, -3*q - c - 8 = c. Give o(q).
-4
Let w be (-2)/(-6) - (-10)/6. Let g(s) be the first derivative of -s**2 - w*s**2 + 2 + s**2. Determine g(-1).
4
Suppose 11*n = 7*n. Let g(s) be the second derivative of -3*s + n*s**2 - 1/6*s**4 + 1/20*s**5 + 0 + 0*s**3. Calculate g(2).
0
Suppose 2*x + 12 = -3*p, x + 3*p = 5*p + 1. Let z(a) = 4*a + 3. What is z(x)?
-9
Let o(a) = -3*a + 3 + 2*a - 6. What is o(-7)?
4
Let c(b) = 7*b**2 - 13*b + 1. Let o(p) = 6*p**2 - 12*p + 1. Let k(s) = 5*c(s) - 6*o(s). Determine k(6).
5
Let c = 5 - 5. Let j(s) be the third derivative of -s**6/120 - s**4/24 - 26*s**2. Determine j(c).
0
Let p(o) = -o**2 - 2*o. Suppose -4 = -k, -2*k + 2 = -2*w + 4*w. What is p(w)?
-3
Let c(w) = 2*w**2 + 3*w - 1. Let z(l) = 3*l**2 + 4*l - 2. Let h(q) = -4*c(q) + 3*z(q). What is h(-3)?
7
Let g(f) be the second derivative of f**8/6720 + f**7/504 + f**6/144 + f**5/40 + f**4/12 + f. Let a(t) be the third derivative of g(t). Determine a(-4).
-1
Let b(q) be the second derivative of q**5/20 - 2*q**4/3 - 5*q**3/3 - 2*q**2 - 10*q. Give b(9).
-13
Let g(h) = -h - 1. Suppose 0*n - 2*n = 18. Let v be 1*(-2 - (n - -2)). Suppose -q + v*s + 16 = 0, -4*q - 4 = -2*q - s. Calculate g(q).
3
Suppose 6*b = -4*a + 4*b + 18, 4*b - 27 = -5*a. Let o(y) = y - 3. Determine o(a).
0
Let p(c) = 3*c + 13. Let j(w) = -7*w - 27. Let y(l) = 6*j(l) + 13*p(l). What is y(6)?
-11
Let g(s) = s - 1 - s + 4*s**2. Let n(u) = u + 6. Let c(k) = -2*k - 6. Let r(a) = 2*c(a) + 3*n(a). Let b be r(5). Give g(b).
3
Let m = -70 - -77. Let r(p) = p - 7. Give r(m).
0
Suppose 0 = -4*s - d + 12, -5*s = 4*d - 3*d - 16. Let f(z) = -6 - 3*z - 4 + 4*z**2 + z**3 - s*z + 4. Suppose -4*i + 11 = 31. Give f(i).
4
Let f(y) = y**2 + 6. Let b = 29 + -29. Give f(b).
6
Let k(v) = 2*v. Let r(c) = c. Let a(y) = k(y) - 5*r(y). Calculate a(2).
-6
Let p(v) = -13 + 9*v + 3*v - 13*v + 2. What is p(-6)?
-5
Suppose -4*j = -2*j - 2. Let v(h) = -2*h. Let c(k) be the second derivative of -5*k**3/2 - 2*k. Let b(n) = 2*c(n) - 18*v(n). Calculate b(j).
6
Let a(d) = d**2 - 9*d - 8. Let o(m) = m**2 + 24*m - 45. Let y be o(-26). Determine a(y).
-22
Let d(t) = t + 1. Suppose -4*c + 7 = -9. Let q = 12 - 21. Let f = q + c. What is d(f)?
-4
Suppose -2*b = -5*m + 6, 3*m = -4*b - 0*m - 12. Let r(s) = -4 + s + 2*s - 4*s. Calculate r(b).
-1
Let s = -4 + -1. Suppose 0 = -p - p - 16. Let c(i) = 5*i**2 - 23*i + 26. Let g(n) = -2*n**2 + 8*n - 9. Let o(y) = p*g(y) - 3*c(y). Calculate o(s).
-6
Let q(v) = v. Let b(u) = u**2 - u - 3. Let n = 4 - -2. Let p(c) = n*q(c) + b(c). What is p(-5)?
-3
Let c(s) = s**2 - 4*s + 3. Let t(l) = -2*l**3 - l**2 - l. Let m be (12/18)/((-4)/6). Let z be t(m). Suppose i + 3 = z*i. Give c(i).
0
Let a(q) = -5*q + 0*q + 7 - 9. Let k(l) = l + 1. Let y(u) = -a(u) - 6*k(u). Determine y(5).
-9
Suppose p - 5 = 0, 5*k - 2*k - p = 1. Let g(x) be the second derivative of -x**4/6 + 2*x**3/3 - x**2 + x. What is g(k)?
-2
Let b = -72 + 67. Let a(t) = 3*t - 4 - 6*t + 2*t. Give a(b).
1
Let c(d) = 18*d**2 - 22*d**2 + 19 - 17 - 2*d - 2*d**3. Suppose 2*y + 3 = -l - 5, 0 = 5*l + y + 13. Determine c(l).
6
Let t(i) = -i**3 + 5*i**2 + 3*i + 5. Let o(c) = c**2 - 4*c - 6. Let k be o(6). Give t(k).
-13
Let i(w) = -w**3 - 6. Let m be -1*3 - (-4 - -1). Give i(m).
-6
Suppose -4*u - 2*d = 20, -u = -0*u - 3*d + 5. Let n(j) = 3*j - 7. Give n(u).
-22
Let u(w) = w + 4. Let n = -7 - -12. Suppose 2*x + n = 5*y + 6*x, x + 10 = y. Determine u(y).
9
Let p(q) = 2*q - 4. Let k be (3 + -1 - -3) + 0. Let f be p(k). Suppose -2*m = -3*r + 3 - 10, -3*m = -f. Let t(g) = 7*g**2 - 1. Give t(r).
6
Let c(b) = 5 - 2*b**2 - 3*b**2 + 5*b**3 + 2*b - 3*b**3 - 3*b**3. Let t = 18 - 23. What is c(t)?
-5
Let q(z) = -z**3 - 2*z**2 + 4*z + 3. Suppose 6*k - k + 95 = 0. Let o = k + 17. Give q(o).
-5
Let w(u) = u**2 + 3*u - 1. Let o(r) = r - 4. Let c be o(5). Suppose c = -2*l + 11. Suppose -3*j - 17 + 8 = 3*a, -l*j - 10 = 4*a. Calculate w(a).
9
Let y(w) be the third derivative of -w**5/60 + w**4/8 - w**3/3 + 11*w**2. What is y(3)?
-2
Let s = -46 - -51. Let r(y) = y - 6. Give r(s).
-1
Let a(d) = 3*d**2 + 6*d - 1. Let q(g) = -2*g**2 - 6*g. Let v(h) = -3*a(h) - 4*q(h). Determine v(6).
3
Let o = 17 - 14. Let z(l) = l**2 + 2. Determine z(o).
11
Let f(l) = l**2 - 7. Let j(z) = 8*z + 4 + 0 + 0 - 7*z. Let d be j(-4). Calculate f(d).
-7
Let f(h) = 1 - h - 1 - 1. Calculate f(-5).
4
Let q = 66 - 62. Let y(a) = -a - 5. Give y(q).
-9
Let n(k) = -k + 12. Let f be n(9). Let z(t) = t**3 + f*t**2 - 3*t + 4*t**3 + 3*t**2 - 6*t**3 - 2. Calculate z(5).
8
Let t(u) = -4*u - 4. Let a(l) = l + 1. Let b(x) = 26*a(x) + 6*t(x). Let y be b(-3). Let h(z) = -z - 2. Calculate h(y).
2
Suppose 2*w - 3*x - 27 = -8*x, 2*w = -4*x + 22. Let h(u) = -u + 7. Let c be h(7). Let f(g) = g + 4 + c - w. What is f(-4)?
-1
Suppose 3*j - 12 = 0, 5*o + 5*j - 42 = -7. Let q be 10/o*(-15)/(-10). Let w(x) = x**3 - 4*x**2 - 6*x + 1. What is w(q)?
-4
Let r(i) be the first derivative of -9*i**2/2 - 4*i + 6. Let l(k) = k + 1. Let b(w) = 5*l(w) + r(w). Calculate b(2).
-7
Let g = 23 + -28. Let y(r) be the third derivative of -r**4/24 + 2*r**2. Give y(g).
5
Let w(y) = -5*y + 0 + 1 + 6*y. Suppose -2*g - 2*g + 33 = 5*l, 5*g - 3*l = -5. Let c(h) = -h**2 + 4*h - 6. Let i(j) = g*w(j) + c(j). Determine i(4).
4
Suppose 1 = 2*o - 13. Let z(y) be the first derivative of 4*y**3/3 + y**2 + 4*y + 2. Let d(f) = 3*f**2 + f + 3. Let s(m) = o*d(m) - 5*z(m). Give s(2).
-1
Let i(x) = 2*x - 2. Let h(b) = 12 - 20 + 2*b - b. Let j be h(6). Give i(j).
-6
Let o(h) be the third derivative of 1/12*h**4 + 1/6*h**3 + 2*h**2 + 0 + 1/120*h**6 + 0*h + 1/20*h**5. Determine o(-3).
-5
Let m = 5 + -2. Let l(g) = -5*g**2 + g**m - 6*g + 4 - 2*g**3 + 12*g**2. Suppose 0*y - 18 = -3*y. Give l(y).
4
Let r be 48/20*20/6. Suppose -r = -y - 3. Let a(w) = w**3 - 6*w**2 + 8*w - 7. Determine a(y).
8
Suppose 0 = -0*s - 2*s. Suppose s*n - 15 = 5*n. Let g(v) = v**2 + 3*v + 3. Determine g(n).
3
Let n(l) be the second derivative of 7*l**3/6 - 8*l. Give n(-1).
-7
Let n = 4 + -2. Let g(j) = 10 + 5*j**2 + 0*j**3 - j**3 + n*j**2 - j. Let p be g(7). Let o(q) = 2*q - 4. Determine o(p).
2
Let x = 10 + -8. Let v(t) = 14*t - 3*t**2 - 16*t + 4*t**2 - x. Give v(3).
1
Let q(r) = r**3 - 4*r**2 + 6*r - 8. Let h be q(3). Let l(n) = 13*n**2. Give l(h).
13
Let i(u) be the second derivative of 1/3*u**3 + 0 + u + u**2. Let q(x) = -x**2 - 6*x - 2. Let p be q(-6). Determine i(p).
-2
Let k be (-32)/(-18) - 4/(-18). Let l be 2/(-4) - (-1)/k. Let a(c) = c**3 + c + 1. Calculate a(l).
1
Let q(m) = m**3 - 4*m**2 - 4*m + 5. Let h(s) = -s**2 - s + 2. Let l be h(-2). Let v be 5/(-2 - (l - 3)). What is q(v)?
10
Let o be (-2)/4 + 36/(-24). Let y(x) = -4*x**2 - 2*x. What is y(o)?
-12
Suppose 4*x - 13 = -1. Let f be x - 2/(-1 - -2). Let q(u) = 2*u**3 + u - 1. Determine q(f).
2
Let y(p) = -p - 1. Suppose -3*q - 5 = -2*v, -q - v = -4*v + 11. Let w(o) = o**3 - o**2 - 1. Let z(l) = q*w(l) + 3*y(l). Calculate z(3).
5
Let f(n) = -n**3 - 7*n**2 - 6*n + 4. Suppose l - 19 = 2. Suppose 38 = -5*z + 13, l = 4*m - z. Suppose o + 2*x + 8 = -m, -3*o = 4*x + 30. Give f(o).
4
Let j(n) be the first derivative of -n**4/4 - 7*n**3/3 - 7*n - 6. Determine j(-7).
-7
Let v(j) = -2*j**3 - 5*j**2 - 9*j + 7. Let b(f) = f**3 - 1. Let a(x) = 3*b(x) + v(x). Determine a(6).
-14
Let g(h) be the third derivative of -h**6/120 + h**5/12 - 5*h**4/24 + h**3/2 - h**2. Let c = -2 - -2. Suppose c = -z + 4*z - 12. Give g(z).
-1
Let h(t) = -2*t + 1. Let c(w) = w - 5. Let d(q) = c(q) + h(q). What is d(7)?
-11
Let w(g) be the third derivative of 19*g**5/60 + g**3/6 + 2*g**2. Give w(-1).
20
Let b(j) be the first derivative of -2 + 1/6*j**3 - 1/20*j**5 - 2*j + 0*j**2 + 0*j**4. Let y(p) be the first derivative of b(p). Give y(0).
0
Let m = -26 - -31. Let n(h) = 2*h - 6. Give n(m).
4
Let i = 3 - 0. Suppose -i = 3*b - 18. Let u(z) = -z + 2 + 0*z - 3. What is u(b)?
-6
Suppose 61*n - 62*n = -5. Let z be (-13)/(-2) + (-2)/(-4). Let j = n - z. Let m(w) = -3*w. What is m(